usands digit of p?
1
Let o = -136 + 187. Suppose 5*c = 2*j - 256, -4*c - o + 724 = 5*j. What is the hundreds digit of j?
1
Let l(t) = -26*t - 69. What is the hundreds digit of l(-12)?
2
Suppose 2*g = -86 - 142. Let p = -60 - g. What is the units digit of p?
4
Suppose 416 = 2*r - 46. What is the hundreds digit of r?
2
Let h = -254 + 254. Let t = 6 - 4. Suppose -t*c + 5*c - 48 = h. What is the units digit of c?
6
Let c(o) = -13*o + 980. What is the units digit of c(0)?
0
Let h(z) = 54*z**3 - 2*z**2 + z - 2. Let o(f) = f**3 + f**2 + 1. Let a(w) = -h(w) - 2*o(w). What is the tens digit of a(-1)?
5
Let p(q) = q**3 + 10*q**2 - q - 4. Let j(t) = -2*t - 4. Let a be j(3). Let i be p(a). What is the units digit of ((-48)/(-20))/(i/20)?
8
Let o be 2/2*(-3 + 5). What is the tens digit of (86/8)/(o/8)?
4
Suppose -2*x - 335 = -7*x. What is the tens digit of x?
6
Let t = -75 + 77. Suppose 120 = j - 0*j - t*r, 3*j - 2*r - 368 = 0. What is the tens digit of j?
2
Suppose -2*r + 2 = -3*r. Let g(s) = -2*s**3 + s**2 + 4. What is the units digit of g(r)?
4
Suppose -17 + 2 = -5*r. What is the units digit of (4 - (10 - r)) + 65?
2
Suppose 4*r - 1 = 11. Suppose -17 = -3*h + s + r*s, 4*s = -4*h + 4. Suppose -h*p = -p - 106. What is the tens digit of p?
5
Let r be 4 - 2/(1/33*6). What is the tens digit of 2/r + 1680/49?
3
Let m be 2 - -6 - (2 + 2). Suppose -m = i - 10. What is the tens digit of ((-26)/i)/(4/(-36))?
3
Let p = 12 - 7. Suppose -171 - 69 = -p*a. What is the tens digit of a?
4
Let c be 2/10*8 - (-2)/5. Suppose -k + 62 = -c*w + 181, 5*w - 3*k - 300 = 0. What is the units digit of w?
7
Let p(w) = -w - 9. Let x be p(-7). Let z(k) = 8 - 8 - 17*k - 6*k - 5. What is the tens digit of z(x)?
4
Suppose 7*r - 20 = 2*r. Suppose -r*n + 5*o - 30 = -121, -3*o = -n + 14. Suppose -p + n = 5*k, k + 38 = 2*p + 6*k. What is the units digit of p?
9
What is the units digit of -535*(2 + (-52)/20)?
1
Let x be 456/108 + 2/(-9). Suppose -x*z - 35 = -o, -3*o - 2*z + 4*z = -135. What is the units digit of o?
7
Let a(g) = 3*g**3 - 13*g**2 + 8*g - 87. What is the tens digit of a(11)?
2
Suppose 15*v + 172 = 16*v. Suppose 5*c - 3*c = 204. Let h = v - c. What is the tens digit of h?
7
What is the thousands digit of (-30912)/(-9) - 2*(-7)/42?
3
Suppose 980*d + 1098 = 986*d. What is the units digit of d?
3
Suppose -2*l + 0*l + 2*u + 4 = 0, 0 = l + 4*u + 13. Let n be (-3 - l*6)*1. Suppose n*x = 19 - 1. What is the units digit of x?
6
What is the tens digit of 6 - (-139931)/132 - 2/24?
6
Let w be (-6)/(-8) - 85/(-20). Suppose -4*d - 4*v = -188, -w*v = -0*v - 5. What is the tens digit of d?
4
Let o(w) = w**3 + 6*w**2 - 9*w - 5. Let z be o(-7). Suppose 0*s - 340 = -5*s - 5*f, -z = 3*f. What is the tens digit of s?
7
Suppose -13872 = 35*o - 41*o. What is the thousands digit of o?
2
Let a(q) = -q**2 + 2*q + 1. Suppose -1 = c - 0. Let w be a(c). Let g(s) = -2*s**3 + s**2 - 1. What is the tens digit of g(w)?
1
Let s be 6 + 1*(-5 - (0 - 3)). Suppose 5*c = -s*b + 176 + 47, -2*c + 2*b = -82. What is the units digit of c?
3
Let f(l) = 2*l**2 + 9*l - 62. What is the hundreds digit of f(-16)?
3
What is the units digit of 1*-8 - 36556/(-37)?
0
Suppose 0 = 3*j - 0*j - 1011. What is the hundreds digit of j?
3
Let y(b) = b**3 - 3*b**2 + b. Let r be y(3). Suppose -3 = -4*a - 15. What is the units digit of a - (36/(-2))/r?
3
Let m(w) = 1251*w - 333. What is the units digit of m(3)?
0
Let p(c) be the third derivative of c**6/120 - c**5/30 - 5*c**4/24 + 2*c**3/3 + 15*c**2. What is the hundreds digit of p(6)?
1
Let a = 546 + -312. What is the tens digit of a?
3
Let o(c) = 3*c - 4. Let k be o(2). Suppose -12 = 2*l - 4*q + 7*q, 0 = k*q. What is the tens digit of (l/2)/((-45)/930)?
6
Let v(w) be the third derivative of w**5/30 + w**4/2 - 2*w**3/3 - 18*w**2. What is the units digit of v(-11)?
6
Let o(y) = -y + 15. Let i be o(13). Suppose i = 4*c + 3*w, c = 6*c - w - 12. Suppose 24 = 5*m - 5*j - 6, -4*j = c*m - 24. What is the units digit of m?
8
Suppose -23*i = 5413 - 37682. What is the units digit of i?
3
Let g = -3049 - -3249. What is the hundreds digit of g?
2
Suppose -16*m + 10*m + 2010 = 0. What is the hundreds digit of m?
3
Suppose -5*z + 32 = 4*l, -z + 2 = -l + 1. Suppose 136 = h - l. What is the tens digit of h?
3
Let j(a) = 47*a**3 + 5*a**2 - 11. What is the hundreds digit of j(3)?
3
Let n(w) = -6*w**2 + 3*w - 2*w + 2*w**3 - 7*w**2 - 3*w**3. Let c be n(-13). Let g = 50 + c. What is the tens digit of g?
3
Let t = -34 + 36. Suppose j = -t*j. Suppose 3*c = -5*o - 149 + 390, 5*c + 5*o - 385 = j. What is the tens digit of c?
7
Suppose 4*a - 6*a + 1354 = 0. What is the units digit of a?
7
Let p(d) = d**2 + 4*d + 7. Let o be p(-4). What is the tens digit of ((-2)/(-4))/(o/504)?
3
Let n be -14*(-2)/4 - 3. Suppose 0 = 4*u + n*j - 92, -8*u = -3*u + 3*j - 111. What is the tens digit of u?
2
Let a(c) = 80*c**2 + 3*c + 2. Let m be a(-1). Suppose 658 = 3*h + m. What is the units digit of h?
3
Let i = -27 + -5. Let n = -8 - i. What is the tens digit of n?
2
Let u(o) = -o**3 - 12*o**2 + 17*o + 15. Let h be u(-15). Let v = h + -208. What is the tens digit of v?
2
Let i(x) = x**3 + 4*x**2 + 4*x. Let o(f) = -f**3 - 5*f**2 - 5*f - 1. Let l(p) = 7*i(p) + 6*o(p). Let z be l(3). Let y = z + 55. What is the tens digit of y?
5
What is the tens digit of (58716/(-140))/((-1)/10)?
9
Let z(l) = -l**2 + 6*l + 9. Let j be z(7). Let b be (j/(-3))/(8/(-24)). Let r = 24 + b. What is the units digit of r?
6
Let u(t) = 104*t + 28. What is the units digit of u(11)?
2
Let g = 2435 - 1466. What is the tens digit of g?
6
Let o(v) = -4*v - 19. Let m be o(-6). Suppose -m*t = -40 + 10. What is the units digit of t?
6
Let w(n) = 12 + 8*n**2 + 8*n**2 - 12*n + 20*n + n**3. What is the units digit of w(-15)?
7
Let v(z) = z**2 + 6*z + 1. Let s(l) = -l**2 - 5*l - 2. Let m(a) = -2*s(a) - 3*v(a). Suppose -w + 0*q = 4*q, -5*w + 3*q - 23 = 0. What is the tens digit of m(w)?
1
Let u(z) = -2*z. Let m be u(-1). Suppose -1 = -m*s + 3. What is the units digit of (s + (-15)/6)*-28?
4
Let o(j) = 3*j**2 - 2*j - 54. Suppose l - 37 = -29. What is the hundreds digit of o(l)?
1
What is the hundreds digit of (-11 - -14)/((-3)/(-2571))?
5
Let f be 4/(-14) + 48/21. Suppose -2*z + 16 = i - 2*i, -z - 2*i = f. Suppose 8 = -2*u, -u = z*w - w - 16. What is the units digit of w?
4
Let n = -21 - -23. Suppose 5*t + 4*g - 365 = 775, -n*g = -4*t + 938. What is the units digit of t?
2
Let z(a) = a**2 - a + 6. Let q = -4 - 5. Let u = q + 9. What is the units digit of z(u)?
6
Let j(c) = c**3 - 2*c**2 - c - 4. Let y be j(4). Let s be (-6)/y + (-1158)/8. What is the units digit of s/(-4) + (-10)/40?
6
Let s(i) = -i**2 + 5*i + 14. Let m(c) = c**2 + c + 1. Let r(d) = 5*m(d) - s(d). What is the tens digit of r(-4)?
8
Let f(y) = -377*y + 39. What is the tens digit of f(-8)?
5
Suppose -177 = 2*i - 5*i - 3*m, 2*m + 177 = 3*i. Suppose -4*t + i = -3*t - 4*b, 127 = 2*t + b. What is the tens digit of t?
6
Let z be (-2)/(0 - (-5)/10). Suppose -3*u - 121 = 5*y, 3*u + 111 = -2*y - y. What is the tens digit of (-66)/z*u/(-12)?
4
Suppose -34*r = -41*r + 15582. What is the thousands digit of r?
2
Suppose 0 = -3*c + 2*c - f + 528, 1576 = 3*c - f. What is the units digit of c?
6
Let f(p) = 2*p**2 - 9*p + 13. Suppose 0 = a + 4*a + 3*d - 23, -2*d + 13 = 3*a. Let l be f(a). What is the units digit of l/(-36) + (-214)/(-3)?
0
Let b(c) = -36*c + 8. Let y be b(-3). Let z = -5 + 3. What is the tens digit of z*(y/(-8) + 0)?
2
Let y(d) = d**3 + 5*d**2 + 5. Let n be y(-5). What is the units digit of 5/(n/(-2)) + 4?
2
Let w be 27/33 + 6/33. Suppose 0 = 2*z + 5*o - 67, w = z + 2*o - 33. What is the units digit of 140/18 - (-8)/z?
8
Let r(p) = 2*p**3 + 19*p**2 + 7*p - 17. What is the hundreds digit of r(-8)?
1
Suppose 4*r = -2*u - 1139 + 3993, 5*r = -3*u + 3567. What is the units digit of r?
4
Let i(h) = -18*h**2 - 11. Let d be i(-3). What is the hundreds digit of (d/3)/((-1)/(-3)*-1)?
1
Suppose -2271 = 18*x - 52329. What is the units digit of x?
1
Suppose -2*n - 3*f = -n - 11, 0 = 4*n + 5*f - 65. Suppose 6*d - 4*d = n. What is the tens digit of (41/2)/(d/20)?
4
Suppose 2*h - t - 44 = 0, h + 5*t + 82 = 5*h. What is the units digit of h?
3
Suppose i = -4*h + 12, 0 = -5*i - h + 8 - 24. What is the units digit of 625/1